6. What is the remainder when ((-5)/h*22)/(-1) is divided by p?
17
Let m = -18 + 25. What is the remainder when 26 is divided by m?
5
Let m(y) = -6*y + y**3 + 3 - 4*y**3 + 4*y**3 - 2*y**2. Let q be m(4). Suppose f - 7 + 30 = 3*t, 3*f - q = -t. What is the remainder when 15 is divided by t?
7
Let j = -1 - -19. Suppose -2*y = y - 294. Let q = y - 29. What is the remainder when q is divided by j?
15
Suppose 4*i + 42 = 3*v, -5*v + 102 = 4*i - 0*i. What is the remainder when 274/8 - (-2)/(-8) is divided by v?
16
What is the remainder when -2*((-4)/(-6))/(8/(-1158)) is divided by 39?
37
Calculate the remainder when 55 is divided by 9/(-6)*12/63*-14.
3
Suppose -t + 455 = 6*t. What is the remainder when t is divided by 18?
11
Let a = -162 - -173. Calculate the remainder when 43 is divided by a.
10
Calculate the remainder when 67 is divided by (-2)/(-1)*14/2.
11
Let t(x) = -79*x**3 - x. Let f be t(-1). Suppose 4*j = f + 68. Suppose -12 = -n + 1. What is the remainder when j is divided by n?
11
Let p = 55 - 35. What is the remainder when p is divided by 7?
6
Let o = 11 + -20. Let w = 7 + o. Calculate the remainder when 5 is divided by w/(-4) - 9/(-6).
1
Suppose -84 = 3*z + 3. Let v = -12 - z. What is the remainder when v is divided by 10?
7
Suppose 0 = i - 0 + 4. What is the remainder when 26 + -1 + -4 - i is divided by 14?
11
Let o = 8 - 4. Suppose 3*y + 3*p - 15 = 0, p - 6*p = -15. Suppose y*h + 4 = o*h. What is the remainder when 5 is divided by h?
1
Suppose -5*n = 3*l + 24, -2*n + 32 = -4*l - 7*n. Let o = 6 - l. Suppose 3*j + 4 - 19 = 0. What is the remainder when o is divided by j?
4
What is the remainder when (-26 + 1)/(7 + -8) is divided by 14?
11
Suppose -732 = -r - 3*r. Suppose 4*o - r = -3*b, 6*o - 3*b = 3*o + 132. Suppose 2*q - o = -q. Calculate the remainder when 43 is divided by q.
13
Let b = -116 + 154. What is the remainder when b is divided by 14?
10
Let q = -33 + 68. Suppose -5*g = -u - 2*g + 45, -2*g = -u + 40. Let w = u - 18. Calculate the remainder when q is divided by w.
11
What is the remainder when (24/9)/(1/12) is divided by 11?
10
Calculate the remainder when 59 is divided by (-9)/3*(-44)/6.
15
Suppose -4*g + 7*g = -5*y + 156, 24 = y - 3*g. What is the remainder when 82 is divided by y?
22
Let y(i) = -2*i. Let k be y(3). Calculate the remainder when 8 is divided by 7 + k + 2*1.
2
Let t be -6*(-3)/(-21)*7. Let r = 15 + t. Calculate the remainder when 15 is divided by r.
6
Suppose 0*r - 5*r + 3*s = -88, s + 16 = r. Suppose 2*w - r = 8. What is the remainder when w is divided by (-9)/3 + 6 - -2?
4
Let y(c) = -c**3 + 4*c**2 + 5*c + 6. What is the remainder when -2*3/((-6)/17) is divided by y(5)?
5
Suppose j - 26 = -2*j + 2*r, 5*r - 73 = -4*j. Suppose 0 = 5*c - 3*c - 170. Suppose -3*l - 19 = -c. What is the remainder when l is divided by j?
10
Let u = -57 + 86. Calculate the remainder when 113 is divided by u.
26
Let h(l) = l**2 + 6*l + 25. What is the remainder when h(-10) is divided by 17?
14
Suppose 5*d = -5*l + 2*l + 459, 5*d - 471 = 3*l. Let i = -34 + d. Calculate the remainder when i is divided by 20.
19
Suppose 3*g = -2*q + 16, 3*q + g = -g + 19. Let k(z) = 5*z**3 - z**2 + 1. Let p be k(1). Suppose 3*x = p*x - 28. Calculate the remainder when x is divided by q.
4
Let p = 11 - -28. What is the remainder when p is divided by 3 + -2 + (-52)/(-4)?
11
Let p(v) = -v + 25. Suppose -5*q = -q. Calculate the remainder when p(q) is divided by (3 + -1)*13/2.
12
Suppose -2*r = -4*x + 5*x - 31, 3*r - 29 = -5*x. Calculate the remainder when r is divided by 7.
4
Let h(q) be the first derivative of q**3/3 - 3*q**2 - 2*q - 1. Let x = 12 - 7. Calculate the remainder when h(8) is divided by x.
4
Let r be (-1)/(-4) - (-95)/20. Let v be 0/r - (-5)/1. Suppose -2*n + 9 + v = 0. Calculate the remainder when 13 is divided by n.
6
Suppose 135 = -4*w + 7*w. What is the remainder when w is divided by 23?
22
Let g = -50 + 97. Calculate the remainder when g is divided by 5.
2
Let v(h) be the first derivative of 3*h - 1/3*h**3 - 1 - 3/2*h**2. What is the remainder when 5 is divided by v(-3)?
2
Suppose -y + 5 = -4*t, -2*t + 3*y + 2 = y. Calculate the remainder when 7 is divided by t/4 + 14/4.
1
Let k(q) = -14*q - 6. Calculate the remainder when k(-4) is divided by 34/3*(-3)/(-2).
16
Suppose -4*w = -114 - 122. What is the remainder when w is divided by 12?
11
Suppose 2*s = -2*m + 5*s + 73, -127 = -3*m + s. Suppose m = 8*l - 4*l. Calculate the remainder when 42 is divided by l.
9
Suppose 2*y - 10 = -6. Calculate the remainder when 33 is divided by y*(2 + -3) + 19.
16
Suppose d + 0 = 3. Calculate the remainder when d/(-4) + 103/4 is divided by 14.
11
Suppose -3*b - b + 20 = 0. Suppose -4*i + 7*v + 23 = 2*v, -12 = 4*v. Calculate the remainder when (2 - 9/(-6))*i is divided by b.
2
Calculate the remainder when -5 - (-27)/6 - 71/(-2) is divided by 9.
8
Suppose 0*o + 3*o + 2*t = 60, 3*t = o - 20. What is the remainder when o is divided by 11?
9
Suppose 3*b + 2*y - 7 = 19, 3*y = -4*b + 35. Let r(o) = -o**3 + 8*o**2 + 4*o + 2. What is the remainder when r(b) is divided by 9?
7
Let q = 15 - 0. What is the remainder when 58 is divided by q?
13
Let v(d) = d**2 + 4*d. Let g be v(-4). Suppose 0 = u - g*u - 5*i - 3, -4*i - 5 = -u. Let s(c) = 13*c - 1. Calculate the remainder when s(2) is divided by u.
12
Let g be 6/(-39) - (-1445)/13. Suppose -2*y - 2*u + 120 = 24, -5*u = 2*y - g. What is the remainder when y is divided by 11?
10
Suppose 0*u + 2*u - 62 = 0. What is the remainder when 59 is divided by u?
28
Suppose y = 9 - 4. Let g(x) = -2*x + y - x + 2*x. Calculate the remainder when 9 is divided by g(0).
4
Suppose -3*b + 9 = -0. Suppose -5*l = b - 18. Let y(g) = -g**3 + 3*g**2 + 4*g + 3. What is the remainder when y(4) is divided by l?
0
Let z(s) = s**3 + 7*s**2 - s + 8. Calculate the remainder when z(-7) is divided by 4.
3
Let c(h) be the first derivative of -h**3/3 + 4*h**2 + 5*h + 2. What is the remainder when c(6) is divided by 9?
8
Let o be (9/(-6))/(3/(-6)). Suppose 0 = -o*w + 4 + 35. Calculate the remainder when w is divided by 5.
3
Calculate the remainder when 41 is divided by (-15)/(-25) + (-64)/(-10).
6
Let c be ((-8)/(-10))/((-12)/(-90)). What is the remainder when 106 is divided by 158/c - (-2)/3?
25
Suppose -f + 2*n - 4*n + 4 = 0, 20 = 2*f + n. Calculate the remainder when f is divided by 5.
2
Let w(n) = -9*n + 2. What is the remainder when 37 is divided by w(-2)?
17
Suppose 23 = -3*f + 122. Suppose -z = -2*z. Suppose -4*p + 37 = b, 4*b - 2*p - 58 = -z*p. Calculate the remainder when f is divided by b.
16
Suppose -25 - 19 = 2*f. Let g = 36 + f. What is the remainder when 68 is divided by g?
12
Suppose -175 = -4*v - v. What is the remainder when 69 is divided by v?
34
Let a = 28 - 4. Calculate the remainder when 88 is divided by a.
16
Let f = 29 + -21. What is the remainder when 31 is divided by f?
7
Suppose -d = -5*m - 49, -d + 5*m = d - 83. Suppose 4*a = 5*r - 8, a + 11 = 2*r + 2*a. Suppose 2*l + 24 = r*l. Calculate the remainder when d is divided by l.
10
Suppose 6*s - 274 + 34 = 0. Calculate the remainder when 116 is divided by s.
36
Let o be 2 - 6/(-3 + 2). Let l = -4 + 11. Suppose -q + o = 5*s - l, 4*s - q = 3. Calculate the remainder when 2 is divided by s.
0
Let s(j) = 3*j**2 - 3*j - 1. Suppose z = 4*o - 26, 2*z = 4*o - 7*o + 14. Suppose h - o = 26. Calculate the remainder when h is divided by s(-2).
15
Let a be (-18)/15*(0 + 5). Calculate the remainder when 0 + 7 - (2 + -1) is divided by 27/(-6)*4/a.
0
Let s = -429 - -275. Suppose -6*d + 4*d - 220 = 0. Let j = d - s. What is the remainder when j is divided by 15?
14
Suppose 0*f - 157 = -3*i + 4*f, -2*i = 2*f - 114. Calculate the remainder when i is divided by 14.
13
Let z(b) = 3*b - 8. Let h be (36/8)/((-6)/(-8)). Let n be z(h). Let t = n - 5. What is the remainder when t is divided by 3?
2
Let j(g) = 19*g - 1. Calculate the remainder when 51 is divided by j(1).
15
Let b = -20 - -33. Suppose 0 = 5*v - 15, 14 + b = 4*z - 3*v. What is the remainder when 25 is divided by z?
7
Let i be ((-92)/6)/((-2)/(-3)). Let p = 58 + i. What is the remainder when p is divided by 19?
16
Let k(s) be the third derivative of -3*s**2 + 1/2*s**3 + 0*s + 0 - 1/6*s**4 + 1/15*s**5. Calculate the remainder when k(3) is divi